{"id":809,"date":"2025-09-03T18:32:53","date_gmt":"2025-09-03T18:32:53","guid":{"rendered":"https:\/\/solarygrafia.pl\/?page_id=809"},"modified":"2025-09-03T18:32:56","modified_gmt":"2025-09-03T18:32:56","slug":"solarygraficzne-ciekawostki","status":"publish","type":"page","link":"https:\/\/solarygrafia.pl\/?page_id=809","title":{"rendered":"Solarygraficzne ciekawostki"},"content":{"rendered":"\n<h3 class=\"wp-block-heading\">1. <strong>Solarygrafia bez obiektywu \u00e2\u20ac\u201d tylko dziurka i \u00c5\u203awiat\u00c5\u201ao<\/strong><\/h3>\n\n\n\n<p>Solarygrafia wykorzystuje kamer\u00c4\u2122 otworkow\u00c4\u2026, czyli pude\u00c5\u201ako z male\u00c5\u201ekim otworem zamiast obiektywu. \u00c5\u0161wiat\u00c5\u201ao wpada przez ten otw\u00c3\u00b3r i przez wiele dni, tygodni, a nawet miesi\u00c4\u2122cy rysuje obraz na papierze \u00c5\u203awiat\u00c5\u201aoczu\u00c5\u201aym. Nie ma matrycy, nie ma elektroniki \u00e2\u20ac\u201d tylko fizyka i cierpliwo\u00c5\u203a\u00c4\u2021.<\/p>\n\n\n\n<h3 class=\"wp-block-heading\">2. <strong>\u00c5\u0161lady s\u00c5\u201ao\u00c5\u201eca \u00e2\u20ac\u201d linie, kt\u00c3\u00b3re pokazuj\u00c4\u2026 ruch Ziemi<\/strong><\/h3>\n\n\n\n<p>Na solarygrafii wida\u00c4\u2021 \u00c5\u201auki \u00c5\u203awiat\u00c5\u201aa \u00e2\u20ac\u201d to \u00c5\u203acie\u00c5\u00bcki, kt\u00c3\u00b3re s\u00c5\u201ao\u00c5\u201ece pokonuje ka\u00c5\u00bcdego dnia. Im d\u00c5\u201au\u00c5\u00bcsza ekspozycja, tym wi\u00c4\u2122cej tych \u00c5\u201auk\u00c3\u00b3w. W pochmurne dni \u00c5\u203alad znika, a w s\u00c5\u201aoneczne zostawia wyra\u00c5\u00ban\u00c4\u2026 smug\u00c4\u2122. Mo\u00c5\u00bcna wi\u00c4\u2122c \u00e2\u20ac\u017ezobaczy\u00c4\u2021 pogod\u00c4\u2122\u00e2\u20ac\u009d z ostatnich miesi\u00c4\u2122cy na jednym zdj\u00c4\u2122ciu.<\/p>\n\n\n\n<h3 class=\"wp-block-heading\">3. <strong>Papier fotograficzny jako negatyw \u00e2\u20ac\u201d bez wywo\u00c5\u201aywania<\/strong><\/h3>\n\n\n\n<p>W solarygrafii cz\u00c4\u2122sto u\u00c5\u00bcywa si\u00c4\u2122 papieru fotograficznego, kt\u00c3\u00b3ry nie jest wywo\u00c5\u201aywany chemicznie. Po zako\u00c5\u201eczeniu ekspozycji obraz jest skanowany w ciemni lub przy minimalnym \u00c5\u203awietle, a nast\u00c4\u2122pnie cyfrowo obrabiany. To tzw. \u00e2\u20ac\u017elatent image\u00e2\u20ac\u009d \u00e2\u20ac\u201d obraz utworzony przez \u00c5\u203awiat\u00c5\u201ao, ale niewidoczny bez skanowania.<\/p>\n\n\n\n<h3 class=\"wp-block-heading\">4. <strong>Kamery z puszek, rur i kapsli<\/strong><\/h3>\n\n\n\n<p>Najcz\u00c4\u2122\u00c5\u203aciej u\u00c5\u00bcywane kamery to puszki po herbacie, kawa\u00c5\u201aki rur PCV, pojemniki po kliszach, a nawet kapsle z piwa. Wystarczy, \u00c5\u00bce s\u00c4\u2026 szczelne, maj\u00c4\u2026 otw\u00c3\u00b3r i miejsce na papier. Niekt\u00c3\u00b3re projekty wykorzystuj\u00c4\u2026 setki takich kamer rozmieszczonych w r\u00c3\u00b3\u00c5\u00bcnych miejscach na \u00c5\u203awiecie.<\/p>\n\n\n\n<h3 class=\"wp-block-heading\">5. <strong>Solarygrafia z kosmosu? Prawie!<\/strong><\/h3>\n\n\n\n<p>Istniej\u00c4\u2026 projekty, kt\u00c3\u00b3re umieszczaj\u00c4\u2026 kamery otworkowe na balonach stratosferycznych, wie\u00c5\u00bcowcach, a nawet w stacjach badawczych. Dzi\u00c4\u2122ki temu mo\u00c5\u00bcna rejestrowa\u00c4\u2021 ruch s\u00c5\u201ao\u00c5\u201eca z nietypowych perspektyw \u00e2\u20ac\u201d np. z orbity oko\u00c5\u201aoziemskiej (cho\u00c4\u2021 to ju\u00c5\u00bc bardziej eksperymenty z d\u00c5\u201aug\u00c4\u2026 ekspozycj\u00c4\u2026 cyfrow\u00c4\u2026).<\/p>\n\n\n\n<h3 class=\"wp-block-heading\">6. <strong>Kolory bez koloru \u00e2\u20ac\u201d obraz czarno-bia\u00c5\u201ay, ale pe\u00c5\u201aen barw<\/strong><\/h3>\n\n\n\n<p>Cho\u00c4\u2021 papier fotograficzny jest czarno-bia\u00c5\u201ay, d\u00c5\u201augie na\u00c5\u203awietlanie powoduje powstawanie barwnych przebarwie\u00c5\u201e \u00e2\u20ac\u201d od sepii po b\u00c5\u201a\u00c4\u2122kity. To efekt utleniania emulsji i dzia\u00c5\u201aania \u00c5\u203awiat\u00c5\u201aa UV. Ka\u00c5\u00bcdy papier reaguje inaczej, co daje niepowtarzalne efekty.<\/p>\n\n\n\n<h3 class=\"wp-block-heading\">7. <strong>Solarygrafia On-line \u00e2\u20ac\u201d obraz w czasie rzeczywistym<\/strong><\/h3>\n\n\n\n<p>W jednym z projekt\u00c3\u00b3w umieszczono cyfrow\u00c4\u2026 kamer\u00c4\u2122 w obudowie otworkowej, dzi\u00c4\u2122ki czemu obraz powstaj\u00c4\u2026cy by\u00c5\u201a transmitowany na \u00c5\u00bcywo na stronie internetowej. Codziennie publikowano skr\u00c3\u00b3ty wideo na Facebooku, pokazuj\u00c4\u2026c, jak zmienia si\u00c4\u2122 \u00c5\u203awiat\u00c5\u201ao i otoczenie.<\/p>\n\n\n\n<h3 class=\"wp-block-heading\">8. <strong>Obraz powsta\u00c5\u201a\u00e2\u20ac\u00a6 bez papieru<\/strong><\/h3>\n\n\n\n<p>Zdarza\u00c5\u201ay si\u00c4\u2122 przypadki, w kt\u00c3\u00b3rych obraz powsta\u00c5\u201a mimo braku materia\u00c5\u201au \u00c5\u203awiat\u00c5\u201aoczu\u00c5\u201aego \u00e2\u20ac\u201d np. na wewn\u00c4\u2122trznej stronie puszki, gdzie \u00c5\u203awiat\u00c5\u201ao przez miesi\u00c4\u2026ce wypali\u00c5\u201ao \u00c5\u203alad. To pokazuje, jak pot\u00c4\u2122\u00c5\u00bcna mo\u00c5\u00bce by\u00c4\u2021 energia \u00c5\u203awiat\u00c5\u201aa i jak nieoczywiste s\u00c4\u2026 efekty tej techniki.<\/p>\n","protected":false},"excerpt":{"rendered":"<p>1. Solarygrafia bez obiektywu \u00e2\u20ac\u201d tylko dziurka i \u00c5\u203awiat\u00c5\u201ao Solarygrafia wykorzystuje kamer\u00c4\u2122 otworkow\u00c4\u2026, czyli pude\u00c5\u201ako z male\u00c5\u201ekim otworem zamiast obiektywu. \u00c5\u0161wiat\u00c5\u201ao wpada przez ten otw\u00c3\u00b3r i przez wiele dni, tygodni, a nawet miesi\u00c4\u2122cy rysuje obraz na papierze \u00c5\u203awiat\u00c5\u201aoczu\u00c5\u201aym. Nie ma matrycy, nie ma elektroniki \u00e2\u20ac\u201d tylko fizyka i cierpliwo\u00c5\u203a\u00c4\u2021. 2. \u00c5\u0161lady s\u00c5\u201ao\u00c5\u201eca \u00e2\u20ac\u201d linie, kt\u00c3\u00b3re pokazuj\u00c4\u2026 ruch Ziemi Na solarygrafii wida\u00c4\u2021 \u00c5\u201auki \u00c5\u203awiat\u00c5\u201aa \u00e2\u20ac\u201d to \u00c5\u203acie\u00c5\u00bcki, kt\u00c3\u00b3re s\u00c5\u201ao\u00c5\u201ece pokonuje ka\u00c5\u00bcdego dnia. Im d\u00c5\u201au\u00c5\u00bcsza ekspozycja, tym wi\u00c4\u2122cej tych \u00c5\u201auk\u00c3\u00b3w. W pochmurne dni \u00c5\u203alad znika, a w s\u00c5\u201aoneczne zostawia wyra\u00c5\u00ban\u00c4\u2026 smug\u00c4\u2122. Mo\u00c5\u00bcna wi\u00c4\u2122c \u00e2\u20ac\u017ezobaczy\u00c4\u2021 pogod\u00c4\u2122\u00e2\u20ac\u009d z ostatnich miesi\u00c4\u2122cy na jednym zdj\u00c4\u2122ciu. 3.<\/p>\n","protected":false},"author":1,"featured_media":806,"parent":0,"menu_order":0,"comment_status":"closed","ping_status":"closed","template":"","meta":{"footnotes":""},"class_list":["post-809","page","type-page","status-publish","has-post-thumbnail","hentry"],"_links":{"self":[{"href":"https:\/\/solarygrafia.pl\/index.php?rest_route=\/wp\/v2\/pages\/809","targetHints":{"allow":["GET"]}}],"collection":[{"href":"https:\/\/solarygrafia.pl\/index.php?rest_route=\/wp\/v2\/pages"}],"about":[{"href":"https:\/\/solarygrafia.pl\/index.php?rest_route=\/wp\/v2\/types\/page"}],"author":[{"embeddable":true,"href":"https:\/\/solarygrafia.pl\/index.php?rest_route=\/wp\/v2\/users\/1"}],"replies":[{"embeddable":true,"href":"https:\/\/solarygrafia.pl\/index.php?rest_route=%2Fwp%2Fv2%2Fcomments&post=809"}],"version-history":[{"count":1,"href":"https:\/\/solarygrafia.pl\/index.php?rest_route=\/wp\/v2\/pages\/809\/revisions"}],"predecessor-version":[{"id":810,"href":"https:\/\/solarygrafia.pl\/index.php?rest_route=\/wp\/v2\/pages\/809\/revisions\/810"}],"wp:featuredmedia":[{"embeddable":true,"href":"https:\/\/solarygrafia.pl\/index.php?rest_route=\/wp\/v2\/media\/806"}],"wp:attachment":[{"href":"https:\/\/solarygrafia.pl\/index.php?rest_route=%2Fwp%2Fv2%2Fmedia&parent=809"}],"curies":[{"name":"wp","href":"https:\/\/api.w.org\/{rel}","templated":true}]}}